 the second derivative of -2*n**3/3 - n**2/2 - n. What is the units digit of a(b)?
3
Let b(f) = -63*f - 13. What is the tens digit of b(-6)?
6
Let j(q) = -4*q**2 - 1. Let l be j(-1). Let g(d) = -3*d - 2. What is the tens digit of g(l)?
1
Suppose 3*d = 2*d + 1, -3 = b - 3*d. Suppose -4*q = -b*x + 3*x - 4, 32 = 5*q - 3*x. What is the units digit of q?
4
What is the tens digit of -1 - 3 - 45/(-3)?
1
What is the tens digit of 2790/31 - (-5 - 0)?
9
Let m(l) = -l**2 - 5*l + 3. Let d be m(-5). Suppose 74 = 3*j + 5*h, 5*j + d*h = 2*h + 94. What is the tens digit of j?
1
Suppose 0 = -2*l + 11 - 1. Suppose l*u = 3*u + 36. What is the units digit of u?
8
Suppose -3*h + 4*h + 35 = 4*d, d = 2*h. Suppose d - 2 = 2*y. What is the units digit of y?
4
Let t = 58 - 47. What is the tens digit of t?
1
Suppose 2*y - 53 = 2*a - 7*a, -a = 5*y - 121. Let w = y + -16. What is the units digit of w?
8
Let s(x) = x**2 + 2. Let f = -2 - -5. What is the units digit of s(f)?
1
Suppose 2*i - 3*i + 6 = 0. Suppose -v + i = -5. What is the units digit of v?
1
Let y(z) = -z**3 - 4*z**2 + 5*z + 6. Let d be (-4)/18 - (-20)/9. Let u = -3 - d. What is the units digit of y(u)?
6
Suppose 4*v + 1 + 2 = 3*z, 2*v - 1 = -z. Suppose -l + v*l + 21 = 0. Let t = 31 - l. What is the units digit of t?
0
Suppose 3*d - y = -3*y + 42, 3*y + 14 = d. What is the units digit of d?
4
Let k = 94 + -50. Suppose -2*d - k = -0*d. Let x = d + 32. What is the units digit of x?
0
Suppose b + 3 = 7. What is the units digit of b?
4
Let m(v) = -2*v**3 - 4*v**2 + 6*v + 4. What is the tens digit of m(-5)?
2
Let r(a) = a**3 - 13*a**2 - 20*a - 22. What is the units digit of r(15)?
8
Let i(s) = s**2 + 4*s. Let c be i(-5). Suppose -c = 5*u, 5*h - 3*u = 2*h + 39. What is the units digit of h?
2
Let h(s) = -2*s**3 - s**2 - s. What is the units digit of h(-2)?
4
Let u(p) = p**3 + 11*p**2 + 10*p + 3. Let m = -32 + 22. What is the units digit of u(m)?
3
Let l be (-22)/(-8) + (-9)/12. Suppose 0 = l*c + 4*b - 2*b - 18, 0 = c + 5*b - 29. What is the units digit of c?
4
Let l be 9 - (0 + 3 + 0). Suppose -2*o = -4*o - l. Let a = o - -8. What is the units digit of a?
5
Suppose 15 = -0*s + 5*s. Suppose 130 = s*g + 5*r, 0 = 3*r - 2 - 4. What is the units digit of g?
0
Let w = -10 + 19. Suppose -2*n = -19 - w. What is the units digit of n?
4
Suppose 7*p = 3*p + 5*l - 13, 5 = 5*l. Let m(s) = s**2 + 1. What is the units digit of m(p)?
5
What is the units digit of (3/((-15)/(-455)))/1?
1
Let y(v) = v**2 + 9*v. Let z be y(-9). Suppose z = -g - 3*g - 4*d + 8, 0 = -3*g - 5*d + 4. Suppose -g*t - 45 = -3*n, -4 = t - 2*t. What is the tens digit of n?
1
Suppose -3*q + 5*s + 115 = 2*q, -143 = -5*q - 2*s. Suppose 4*b = -3*h + 16, -3*b + 2*h - q = -8*b. What is the units digit of b?
7
Suppose a + 4 - 28 = 0. What is the units digit of a?
4
Let u(i) = -i**3 + 8*i**2 - 8. Let y be u(8). Let l be (-7)/(-4) - 2/y. Suppose l*f + 9 = 3*h, 0 = h - f - 3 + 1. What is the units digit of h?
5
Suppose j + 3*q - 31 = 0, -4*j - 4*q + 190 - 42 = 0. What is the units digit of j?
0
Suppose k - 3*k = 0. Suppose -8 = -m - k. What is the units digit of m?
8
Suppose -12*m + 8*m + 12 = 0. Suppose m*w - 2 = -5*y - 3, -w - 2*y - 1 = 0. What is the units digit of w?
3
Let h = -26 - -27. What is the tens digit of (11 - 12)/(h/(-21))?
2
Let b(c) = c**3 - 9*c**2 + 9*c - 7. Suppose -32 = -3*q - q. What is the units digit of b(q)?
1
Let g = 7 + 51. What is the units digit of g?
8
What is the tens digit of (-222110)/(-805) - (-2)/23?
7
Suppose 25 = -3*p + 8*p. Suppose -2*c = -4*j + 50, c = -j + 5*c - p. What is the units digit of j + (1 - -2 - 3)?
5
Let p(n) = -3*n**3 + n**2. Let z(w) = -w + 4. Let s be z(5). What is the units digit of p(s)?
4
Suppose 5*s + 0*s - 25 = 0. Suppose 0 = 3*v - s*v + 4. Suppose 2*l - 3*c - 4 = 12, v*l = 4*c + 12. What is the tens digit of l?
1
Let s(u) = -13*u + 4. Let p(x) = -32*x + 10. Let k(y) = 5*p(y) - 12*s(y). Let r = -2 - 2. What is the tens digit of k(r)?
1
What is the units digit of (1 + (-11 - -1))*-2?
8
Let l = -113 + 180. What is the units digit of l?
7
Let g(h) be the third derivative of h**6/120 + h**5/10 - h**4/8 + 3*h**2. What is the units digit of g(-6)?
8
Let b(v) = v**3 - 8*v**2 + v - 4. Let o be b(8). What is the tens digit of o/10 + 612/45?
1
Let h(k) = 37*k**2 + 2*k. Let m(a) = -19*a**2 - a. Let j(p) = -3*h(p) - 5*m(p). Let w be j(-1). What is the units digit of (-8)/5*w/6?
4
Let v(j) = -5*j**3 + 2*j - 1. Suppose -2 = c - 3*c. Let u be v(c). What is the units digit of ((-40)/6)/u*3?
5
Let a = 14 - 10. Suppose -10 = -a*l + 58. Suppose l + 3 = 4*h. What is the units digit of h?
5
Suppose 5*q - q = 16. Suppose -5 = -3*m + 3*c - 14, q*c - 12 = -4*m. Suppose m = -5*l + 2*z + 20, 7*l - 2*l - 35 = -z. What is the units digit of l?
6
Let v(l) = -15 + 5*l**2 - 4*l**2 - 10*l + 0*l**2. What is the units digit of v(12)?
9
Let n(o) be the second derivative of o**4/6 + o**3/2 + o**2/2 + 2*o. What is the units digit of n(-3)?
0
Let o be 0 - 2 - 1*-3. Let y be 2 + (-2 - (o - 3)). Suppose 0 = -y*v - v + 27. What is the units digit of v?
9
Let n = 6 - 3. Suppose -n*i - i = -4*f, 5*f = -3*i + 32. Suppose -2 - i = 3*c, -5*c - 46 = -4*j. What is the units digit of j?
9
Suppose 0 = 2*m + 5*i - 21, 35 = -m + 5*i + 8. Let u = 1 - m. Suppose -u*d + 9 = -3. What is the units digit of d?
4
Let t be (-4)/(-18) + 382/(-18). Let a be ((-1)/1)/((-7)/126). What is the units digit of (-7)/(t/a) + 0?
6
Let h(q) = q**3 - 2*q**2 - q + 4. Let f = 13 - 8. Suppose -4 = -f*y + 11. What is the units digit of h(y)?
0
Suppose 4 = -3*y + 5*y. Suppose 4*q - 50 = y*q. Suppose 4*p - 5*n + 1 = 2, 3*n - q = -4*p. What is the units digit of p?
4
Suppose -5*h - 6 = -2*h. Let p(k) = k + 18. Let u be p(-8). Let m = h + u. What is the units digit of m?
8
Suppose -25 = -2*y - 3*y. Suppose 2*w - 10 = 2*o + w, y*o + 36 = -3*w. What is the units digit of ((-33)/(-2))/(o/(-8))?
2
Let n(o) = -o**2 + o + 2. Let f be n(-1). Suppose f = -v + 13 + 21. What is the tens digit of v?
3
Let g(m) = m**3 - 7*m**2 + m + 5. Let l be g(7). Let x = -7 + l. What is the units digit of x?
5
Let m(o) = 2*o - 2. Suppose -4 = -2*y - 0*y. Let i be m(y). What is the units digit of 2/4*i*12?
2
Let s(y) = y**3 - 5*y**2 + 5*y - 2. Let j be s(3). Let b(v) = -13*v - 7. What is the tens digit of b(j)?
5
Let s = -8 + 12. What is the units digit of -21*(-12)/56*s?
8
Suppose 2 = -b - 2. Let u = -2 - b. What is the units digit of u + (-2)/1 - -2?
2
Suppose -3*f + 236 = f + 4*q, -4*q - 142 = -3*f. What is the tens digit of f?
5
Suppose 0 = 3*o + 2*o + 60. What is the units digit of (6/o)/((-3)/216)?
6
What is the tens digit of (-9)/(45/20) + 37?
3
Suppose z - 155 = 56. What is the hundreds digit of z?
2
Suppose -2*v = -4*o + 430, -4*o - 2*v = -3*v - 435. What is the units digit of o?
0
What is the units digit of (-12)/(-9) - 10/(-15)?
2
Let f = 0 - 0. Let i(c) = -c**2 - 3*c - 14. Let k(h) = 5*h**2 + 13*h + 56. Let j(v) = -9*i(v) - 2*k(v). What is the units digit of j(f)?
4
Suppose 0*u = -u - 1. Let p = u + 2. What is the units digit of p?
1
Let w = 10 - 14. Let v be (-1)/w - (-15)/4. Suppose -2*a - 5*x = -4 - 4, v*a - 60 = x. What is the tens digit of a?
1
Let j(y) = 2*y + 1. Let h be j(-7). Let q = h + 5. Let c = q + 22. What is the units digit of c?
4
Suppose 2*m - 148 = 2*x, 0 = -m + 4*x + 32 + 42. What is the units digit of m?
4
Suppose -n + 5*n = 60. What is the units digit of 9/n + (-246)/(-15)?
7
Let k = 5 + -5. Suppose -3*y + 77 = 5*r + y, -4*r + 3*y + 43 = k. Let j = r - 0. What is the tens digit of j?
1
What is the units digit of 83/1 + 0/1?
3
Let t(f) = -f**3 + f**2 - f + 98. Let d be t(0). Let o = -58 + d. What is the tens digit of o?
4
Let q be -60 - (-2 + 0 + 0). Let d = q - -85. Let l = d - 16. What is the tens digit of l?
1
Let o(n) = n**3 - 4*n**2 + n + 1. Let u(p) = 2*p. Let d be u(2). What is the units digit of o(d)?
5
Let g(a) = -68*a + 18. What is the hundreds digit of g(-3)?
2
Let y be 0/(-1 - (-1 - 1)). Suppose y = -5*z + h - 4*h + 5, 3*z - h - 3 = 0. Let q = z - -2. What is the units digit of q?
3
Let h be (0 + 93)*(-3)/(-9). Suppose -4*b + 4*v = 6*v - 56, -3*b + 4*v = -h. What is the tens digit of b?
1
Let c be (40/2)/((-6)/(-36)). Suppose -t - 4*t = -c. Suppose -y = 2*y - t. What is th